0. Give f(-2).
6
Let y be 1 - -2 - (-6 + 3). Let j(q) = 8*q**3 + 3 + y*q**3 - 15*q**3 - q**2 + 4*q. What is j(-2)?
-1
Let s(o) be the third derivative of -o**6/120 + o**5/20 + o**4/6 + o**3/2 + 37*o**2. Give s(-2).
15
Let n be 4/18 - (1 - (-260)/36). Let b be ((-6)/18 + n/(-6))*3. Let x(c) = -5*c - 2*c**2 - 2 - 2 + 2*c + c**3. Calculate x(b).
-4
Let m(v) = v + 1. Let a be m(1). Let c(t) be the third derivative of 5*t**4/24 + t**3/3 + 12*t**2 + 3*t. Determine c(a).
12
Let b(a) = -13*a + 2. Let h(f) = -15*f + 1. Let r(z) = -5*b(z) + 4*h(z). Let x(i) = -i**2 + 6*i - 1. Let p be x(5). Give r(p).
14
Let t = -18 + 20. Let l(p) = 5*p**2 + p**2 - 5*p**2 + p**t + 3 - p**3 - p. Let b be (-3 - -7) + (-1)/1. Calculate l(b).
-9
Let k(f) = -f**3 + 5*f**2 - f + 1. Let y be k(4). Let g = y - 8. Let u(d) = -d**2 + 8*d - 6. Determine u(g).
9
Let a(t) be the third derivative of -t**4/12 + t**3/6 - 159*t**2. Determine a(4).
-7
Suppose 0 = -2*r + v + 4*v + 92, 5*r - 207 = v. Let z(d) = 3 + 45*d + r*d - 85*d. Calculate z(-4).
-1
Let r(l) be the second derivative of -l**5/20 + 5*l**4/12 - l**3/3 - 3*l**2/2 + 6*l + 41. Give r(6).
-51
Let r(m) = 5*m + 5. Let p be r(-1). Suppose p = -8*x + 3*x + 10. Let i(w) = w**3 - w**2 - w + 1. Calculate i(x).
3
Let l = 24 - 21. Suppose 3*n + 0*n = -c - 4, l*n + 12 = 3*c. Let z(o) = o**2 + 1. Determine z(n).
5
Suppose b - 30 = 4*b. Let n(m) be the third derivative of m**4/24 + 5*m**3/6 - 132*m**2 - m. Give n(b).
-5
Suppose 2*s = -12 + 4. Suppose -3*b = -2*b - 5*c + 18, 8 = 2*c. Let f(t) = 5*t + 3 - t - 6*t**2 - t**3 + 0*t**b + 3*t**2. Calculate f(s).
3
Let k(y) = -y + 3. Suppose 2*i = -4*l + 2, 3*i = -6*l + l + 3. Let o be -2 - (i - (-4)/2). Give k(o).
8
Let x(n) be the first derivative of -n**4/4 + n**3 + 2*n**2 + n - 2. Suppose 5*z + 0*z + 59 = -3*g, 5*z + 44 = 2*g. Let m = z + 14. What is x(m)?
1
Let o(i) be the first derivative of -i**3/3 - 5*i**2 - 6*i + 353. Give o(-7).
15
Let s(y) = -5*y**2 - 15*y - 16. Let x(u) = 3*u**2 + 8*u + 8. Let t(n) = 4*s(n) + 7*x(n). Let j be t(5). Let d(k) = -2*k**2 + 3*k**2 - 3 - 1. Determine d(j).
5
Let g(f) = 11*f**3 + f**2 - 1. Let c(b) = b**2 + 3*b + 22 - 24 - 2*b**2 + 2*b**2. Let l be c(-5). Let u = l - 9. What is g(u)?
-11
Suppose 4*z + 24 - 2 = 5*r, 2*r + 11 = -5*z. Let l(n) = 2*n**2 - 13*n + 3*n**2 + 7*n - r - n**3 + 5*n. Give l(4).
10
Let a(w) = 3*w + 36. Let c(v) = 2*v + 17. Let d(b) = 6*a(b) - 11*c(b). Calculate d(7).
1
Let u(z) = 0*z**2 - 3*z + z**2 - 2*z**2 + 6. Suppose -38 = -4*r + 2*d, 1 + 0 = -d. Let s be (((-225)/(-20))/r)/(1/(-4)). Give u(s).
-4
Suppose 0 = 4*q, 0*q = -5*s - q + 35. Let b(d) = 5*d - d**3 - s*d + 2*d**3 + 2*d**2 - 3*d**3. Determine b(2).
-12
Suppose 2*o + 1 = 3*t + 3, -2*t - 1 = -o. Suppose t = -2*g - 13 + 9. Let k(p) = -2*p**2 - 2*p - 1. What is k(g)?
-5
Let f = 2 - 7. Let n(t) = t**2 + 14*t**3 - 13*t**3 + 7 + 3*t**2 - t**2 - 5*t. Determine n(f).
-18
Let q(u) = u**2 + 10*u + 11. Let p(o) = -o**2 - 11*o - 13. Suppose -n = 3*w, 5*n - w = n - 13. Let h(z) = n*p(z) - 4*q(z). Determine h(-5).
5
Let c(r) = -r + 1. Suppose -1 = -2*b + 23. Let x = b + -8. Suppose 0 = -x*g + 5*a - 39, -2*g + 5*a - 27 + 0 = 0. Determine c(g).
7
Let r(u) = -u**3 + 15*u**2 + 20*u - 72. Let w be r(16). Let l(i) = -i + 4. Determine l(w).
12
Let u(n) = -n - 8. Suppose 2*f = -f + 18. Suppose -f = -g - 0*g. Determine u(g).
-14
Let t(m) = m**3 - 3*m**2 + 4*m - 10. Let f(u) = u**3 - 3*u**2 + 5*u - 13. Let k(l) = -4*f(l) + 5*t(l). Determine k(2).
-2
Suppose 0 = -5*f + f - 32. Let k(a) = -1 - 8*a**2 - 9282*a**3 - a - 3 + 9281*a**3. Give k(f).
4
Let r(v) = -v + 1. Let p(o) = -2*o + 28. Let j = 28 - 15. Let g be p(j). Calculate r(g).
-1
Let v(p) = p**2 + 5*p - 8. Let d be v(-7). Suppose -4*h = 2*z - 18, -2*z = -2*h - 0*h + d. Let u(a) = 2*a. Let m(o) = o. Let n(i) = 5*m(i) - 2*u(i). Give n(z).
1
Let b(m) = -m**2 - 5*m + 2. Let z be (-12)/(-14)*(15 + -22). Let l = -53 + 103. Let x be (-9)/z*l/(-15). What is b(x)?
2
Let b(v) = 7*v**3 + 7*v**2 - 3*v - 8. Let s(t) = -5*t**3 - 8*t**2 + 2*t + 7. Let o(r) = -3*b(r) - 4*s(r). Calculate o(11).
7
Let v(o) = o + 5*o**2 - o**3 - 4 - 5*o + o. Let q be v(3). Let c(b) = -91*b + 97*b + 3 + 1 + q*b**2 - b**3. Calculate c(6).
4
Let k(m) = -3*m**2 + 3*m + 3*m**3 - 3*m**3 + m**3 - 2. Let h be (1 + -7)/((-6)/(-9)). Let w(u) = -u**3 - 10*u**2 - 10*u - 7. Let l be w(h). Calculate k(l).
0
Let h(b) = b**3 + b + 1. Suppose 10*u = -57 - 3. Let y(k) = -k**3 - 8*k**2 - 10*k + 14. Let d be y(u). What is h(d)?
11
Suppose 4 = -w + 4*w - 4*s, 2*w + 2*s + 16 = 0. Suppose -k = -2*k + 2. Let h(v) = 7*v - 2 - 3*v**2 - v**3 + 6 + k. Determine h(w).
-6
Let t(l) = -l + 1. Suppose 5*u + 53 - 33 = 0. What is t(u)?
5
Suppose 6 = 6*h - 30. Let i(c) be the third derivative of c**6/120 - c**5/12 - 7*c**4/24 - c**3/3 - 25*c**2. Give i(h).
-8
Let m(v) be the second derivative of -3*v**4/4 + v**3/6 + v**2/2 - 7*v - 1. Give m(-1).
-9
Suppose -2*v - 5*u = -7, -5*v - 2*u = 7 + 7. Let k(b) = 27*b + 8. Let a(t) = -73*t - 23. Let g(l) = 3*a(l) + 8*k(l). Determine g(v).
7
Let h(f) = -f**2 - 3*f - 2. Let q(l) = 0 - 132*l + 133*l - 9. Let n be q(5). Calculate h(n).
-6
Let j(o) be the first derivative of -9*o**2/2 + 31*o + 2. Let u be j(3). Let w(g) = g + 8. Let c(p) = 2*p + 9. Let v(z) = 2*c(z) - 3*w(z). Give v(u).
-2
Let w(t) be the second derivative of t**4/12 + t**3/6 - t**2 + 6*t. Let j(g) = -14*g + 33. Let s be j(2). Determine w(s).
28
Let h(a) be the third derivative of -a**6/120 + a**5/12 - 7*a**4/24 + 7*a**3/6 - 15*a**2 - 5*a. Give h(5).
-28
Suppose -3*m = -m - 10. Let n(f) = -f + 1. Let b be n(m). Let j(y) = 3*y + 1. Determine j(b).
-11
Let h be 36/15*(4 - 12/8). Let n(x) = x**3 - 7*x**2 + 4*x + 5. Give n(h).
-7
Let n(q) = 5*q**3 + 2*q**2 - 1. Let y be 5 + -7 + (4 - 3). Determine n(y).
-4
Let a be -2 - 7 - (1 + -3). Suppose 0*k = 2*k - 4. Let p(o) = o**k + 4*o + 7 + 0*o + 5*o. Determine p(a).
-7
Let m(j) = j**2 + 3*j + 1. Let v(t) = -t**2 - 3*t - 1. Let s(u) = -3*m(u) - 4*v(u). Determine s(-3).
1
Let r(z) = 3*z**2 + 35*z - 9. Let f be r(-12). Let l(h) = -h**3 + 2*h**2 + 8*h - 3. Determine l(f).
12
Let i(n) = -3*n - 27. Let r(t) = -t - 9. Let x(c) = -6*i(c) + 17*r(c). Let w(g) = -3*g**2 - 5*g - 3. Let m be w(-2). Give x(m).
4
Suppose -2*n = -0*n - 4*n. Let v(y) = -y + 9. Give v(n).
9
Suppose 2 + 1 = z. Let m = -2 + z. Let a(y) = y**3 + y**2 - y. Let h(v) = -1. Let w(r) = m*a(r) - 2*h(r). Determine w(0).
2
Suppose 7*v + 35 = -42. Let c(u) = -u**3 - 13*u**2 - 22*u + 4. Let d be c(v). Let g(r) = r**2 - 5*r + 1. What is g(d)?
-3
Let n(g) = g**3 - 4*g**2 - 7*g + 3. Suppose -4*o + 5*t - 5 = 0, 2*t + 10 + 5 = 5*o. Determine n(o).
-7
Let m(v) = v**2 - v - 4. Suppose -14 = -4*c - a, 0 = 5*c - c + 5*a - 22. Let x be m(c). Let o(k) = 1 + 0 + 0 + 6*k**x. Calculate o(1).
7
Let d be (0 + 0/(-1))/(-2). Let q = 1 - d. Let a(v) be the second derivative of 11*v**5/20 + v**4/12 - v**2/2 - 82*v - 2. What is a(q)?
11
Suppose 4*f - 3*n = 3 + 5, -4*f = -5*n. Let h(l) = 6*l - 3. Let m(j) = -13*j + 5. Let g(p) = f*h(p) + 2*m(p). Give g(5).
15
Suppose 7*k - 2 = -9. Let h(n) = 1. Let w(i) = 2*i + 10. Let t(u) = k*w(u) + 4*h(u). Let s be (-104)/16 + (-1)/(-2). Determine t(s).
6
Let q = -1753 + 1733. Let k(h) = -3*h - 42. Give k(q).
18
Let f be 3 - (-7 - 4)*(2 + -1). Suppose -f = q - 8*q. Let b(v) = v - 2. Give b(q).
0
Let f(p) = 5*p**2 + 7*p + 0*p**3 - p**3 + 1 - 2. Let y be (-12)/(0/4 + -2). Give f(y).
5
Suppose 29 = 3*g - 2*j, 5*g = 5*j - 5 + 60. Let q(y) be the second derivative of -y**3/6 + 7*y**2/2 - 2*y. Give q(g).
0
Let w(t) be the first derivative of -t**3/3 + t**2/2 + t - 50. What is w(2)?
-1
Let y(u) = 2*u**3 + u**2 - u + 1. Let l(m) = -2*m - 14. Let b be l(-10). Suppose 0 = b*z + 2*z - 8. Calculate y(z).
3
Let f(o) = -4*o**2 - 19 - 15 + 5*o**2 + 7. What is f(0)?
-27
Let p(k) = 4*k + 2. Let d = 49 + -26. Let n = 28 - d. Suppose o - 2 = 3*o + 4*w, n*o - 4*w = -19. Give p(o).
-10
Let x(u) = 3*u + 6. Let t(s) = 3*s + 5. Let v(c) = 4*t(c) - 3*x(c). Suppose -2*y = -46*q + 49*q, 26 = -4*q - 7*y. Determine v(q).
14
Let a = -1879 - -1882. Let u(v) = -3*v**3 + 5*v**2 - 6*v + 5. Calculate u(a).
-49
Let g(i) = i**3 - 4*i**2 + 3*i - 1. Let v(t) = -t**2 - 6*t + 29. Let c be v(-9). Let q be -4*4/24*(-9)/c. What is g(q)?
-1
Suppo